{"id":3716,"date":"2023-12-11T22:12:10","date_gmt":"2023-12-12T01:12:10","guid":{"rendered":"https:\/\/ifspp1-sgo.infd.edu.ar\/sitio\/?page_id=3716"},"modified":"2025-12-04T13:41:55","modified_gmt":"2025-12-04T16:41:55","slug":"pre-inscripciones-2026","status":"publish","type":"page","link":"https:\/\/ifspp1-sgo.infd.edu.ar\/sitio\/pre-inscripciones-2026\/","title":{"rendered":"Pre-Inscripciones 2026 (s\u00f3lo Primer A\u00f1o)"},"content":{"rendered":"<div class=\"wp-block-image\">\n<figure class=\"alignright size-full is-resized\"><img decoding=\"async\" loading=\"lazy\" src=\"https:\/\/ifspp1-sgo.infd.edu.ar\/sitio\/wp-content\/uploads\/2025\/12\/aviso-celeste.png\" alt=\"\" class=\"wp-image-4118\" width=\"353\" height=\"441\" srcset=\"https:\/\/ifspp1-sgo.infd.edu.ar\/sitio\/wp-content\/uploads\/2025\/12\/aviso-celeste.png 1080w, https:\/\/ifspp1-sgo.infd.edu.ar\/sitio\/wp-content\/uploads\/2025\/12\/aviso-celeste-800x1000.png 800w, https:\/\/ifspp1-sgo.infd.edu.ar\/sitio\/wp-content\/uploads\/2025\/12\/aviso-celeste-768x960.png 768w\" sizes=\"(max-width: 353px) 100vw, 353px\" \/><\/figure><\/div>\n\n\n<p class=\"has-text-align-center\">****<\/p>\n\n\n\n<p><\/p>\n\n\n\n<h1 class=\"wp-block-heading has-accent-color has-text-color\" id=\"block-063fe411-9428-4418-b7ea-d33bba7c49ee\">PRE-Inscripciones Primer A\u00d1O 2026 &#8211; 19:00 horas<\/h1>\n\n\n\n<p><\/p>\n\n\n\n<h2 class=\"wp-block-heading\" id=\"block-0c0b7ec4-3bba-4f5f-9662-e44820f00db3\" style=\"font-size:28px\">Profesorado de Educaci\u00f3n Secundaria en <strong><em><a rel=\"noreferrer noopener\" href=\"https:\/\/forms.gle\/veP9afdiXFb9kY5v8\" target=\"_blank\">Biolog\u00eda: 09\/12\/2025<\/a><\/em><\/strong><\/h2>\n\n\n\n<p class=\"has-text-align-center\"><\/p>\n\n\n\n<h2 class=\"wp-block-heading\" id=\"block-8605c64a-2878-4586-adf1-88e661757f83\" style=\"font-size:28px\">Profesorado Superior en <strong><em><a href=\"https:\/\/forms.gle\/yB5x7uMfW3u5pjT18\" target=\"_blank\" rel=\"noreferrer noopener\">Ciencias de la Educaci\u00f3n: 10\/12\/2025<\/a><\/em><\/strong><\/h2>\n\n\n\n<p class=\"has-text-align-center\" id=\"block-96f95dcf-8062-408e-914a-efdb270559e1\"><\/p>\n\n\n\n<h2 class=\"wp-block-heading\" id=\"block-768dd481-bb1e-4d49-93f6-d8fea67c7151\" style=\"font-size:28px\">Profesorado Superior en&nbsp; <strong><em><a href=\"https:\/\/forms.gle\/fpLEy85xgWhqAbxS9\" target=\"_blank\" rel=\"noreferrer noopener\">Educaci\u00f3n F\u00edsica:&nbsp; 11\/12\/2025<\/a><\/em><\/strong><\/h2>\n\n\n\n<p class=\"has-text-align-center\" id=\"block-cbd4c782-8549-495e-8c64-b1bb172f20b9\"><\/p>\n\n\n\n<h2 class=\"wp-block-heading\" id=\"block-db9af42f-b0c6-496d-97c8-97304866e2bf\" style=\"font-size:28px\">Profesorado de Educaci\u00f3n Secundaria en <em><strong><a href=\"https:\/\/forms.gle\/jr59KyVQ64hvMBMs8\" target=\"_blank\" rel=\"noreferrer noopener\">Filosof\u00eda: 12\/12\/2025<\/a><\/strong><\/em><\/h2>\n\n\n\n<p class=\"has-text-align-center\"><\/p>\n\n\n\n<h2 class=\"wp-block-heading\" id=\"block-27420461-afbc-4b06-aa43-257198a605ec\" style=\"font-size:28px\">Profesorado de Educaci\u00f3n Secundaria en <strong><em><a href=\"https:\/\/forms.gle\/PGo5otGUAe7G5kLi8\" target=\"_blank\" rel=\"noreferrer noopener\">Historia: 15\/12\/2025<\/a><\/em><\/strong><\/h2>\n\n\n\n<p><\/p>\n\n\n\n<h2 class=\"wp-block-heading\" id=\"block-9c4e75b7-5024-4158-9bb7-93d5078bf0a5\" style=\"font-size:28px\">Profesorado de <em>Educaci\u00f3n Especial: 16\/12\/2025<\/em><\/h2>\n\n\n\n<p><\/p>\n\n\n\n<h2 class=\"wp-block-heading\" id=\"block-9c95c8cb-ca12-4539-9420-7f81de81952b\" style=\"font-size:26px\">Orientaciones:<\/h2>\n\n\n\n<p><\/p>\n\n\n\n<h2 class=\"wp-block-heading\" id=\"block-0cbd98ba-595f-4769-bb4b-41fb58ed269b\" style=\"font-size:28px\"><em><strong><a href=\"https:\/\/forms.gle\/41Ny5xLYUjDMmBVS6\" target=\"_blank\" rel=\"noreferrer noopener\">Discapacidad Intelectual<\/a><\/strong><\/em><\/h2>\n\n\n\n<p id=\"block-fcb11312-d961-4cb6-b55e-e8283d32ccee\"><\/p>\n\n\n\n<h2 class=\"wp-block-heading\" id=\"block-42ef8b10-2058-42e7-9bb9-d135e99c4a24\" style=\"font-size:28px\"><em><a href=\"https:\/\/forms.gle\/MBNdknjEdjcwV4di8\" target=\"_blank\" rel=\"noreferrer noopener\">Discapacidad Neuromotora<\/a><\/em><\/h2>\n\n\n\n<p id=\"block-bc2c76aa-12b2-4e0a-98b8-5a20138e52c6\">\ufeff<\/p>\n\n\n\n<h2 class=\"wp-block-heading\" id=\"block-b16431be-3271-4960-a164-e089a12e1a8e\" style=\"font-size:28px\"><em><strong><a href=\"https:\/\/forms.gle\/sWorAFRN8cGHvxHA7\" target=\"_blank\" rel=\"noreferrer noopener\">Sordos e Hipoac\u00fasicos<\/a><\/strong><\/em><\/h2>\n\n\n\n<p class=\"has-text-align-center\" id=\"block-7d084d43-ae56-49be-8b24-a08b1bfecbe6\"><\/p>\n\n\n\n<h2 class=\"wp-block-heading\" id=\"block-9e98da5a-7c0a-4556-a08d-8d0c822fed76\" style=\"font-size:28px\">Tecnicatura Superior en <a href=\"https:\/\/forms.gle\/kx9DYD5juqX4DAUU8\" target=\"_blank\" rel=\"noreferrer noopener\"><em><strong>Actividad F\u00edsica, Organizaci\u00f3n y Gesti\u00f3n Deportiva:&nbsp; 17\/12\/202<\/strong><\/em>5<\/a><\/h2>\n\n\n\n<p class=\"has-text-align-center\" id=\"block-cdf135b2-33e5-4682-ae99-a6b75e39bf9c\">****<\/p>\n\n\n\n<p id=\"block-a5c32d29-2799-4de0-aa6f-fc8cde2a9a2c\"><\/p>\n\n\n\n<h2 class=\"wp-block-heading has-text-align-center has-contrast-3-background-color has-background\" id=\"block-c437930a-5b7d-4adb-a12f-dc82d18b20b8\"><strong>CUPO DE CADA CARRERA<\/strong><\/h2>\n\n\n\n<h3 class=\"wp-block-heading has-text-align-center\" id=\"block-50fe6a07-6ef7-4b8b-bb18-2acf0b823645\">&#8211; BIOLOGIA: 30 Titulares, 20 Suplentes<\/h3>\n\n\n\n<h3 class=\"wp-block-heading has-text-align-center\" id=\"block-89161b1c-124f-4373-9a38-938d67e0792d\">&#8211; CIENCIAS DE LA EDUCACI\u00d3N: 30 Titulares, 20 Suplentes<\/h3>\n\n\n\n<h3 class=\"wp-block-heading has-text-align-center\" id=\"block-0c883343-2e8b-43b2-95a1-02e7b309e428\">&#8211; EDUCACION FISICA: 120 Titulares, 80 Suplentes<\/h3>\n\n\n\n<h3 class=\"wp-block-heading has-text-align-center\" id=\"block-aa5b09db-259c-4870-a4e9-13c18c5c2141\">&#8211; FILOSOFIA: 30 Titulares, 20 Suplentes<\/h3>\n\n\n\n<h3 class=\"wp-block-heading has-text-align-center\" id=\"block-389741f6-83bc-474f-a419-1676abccbec8\">&#8211; HISTORIA: 30 Titulares, 20 Suplentes<\/h3>\n\n\n\n<h3 class=\"wp-block-heading has-text-align-center\" id=\"block-13b60a65-40a0-4279-9339-542b397fa26f\">&#8211; EDUCACION ESPECIAL: 30 Titulares,20 Suplentes en cada orientaci\u00f3n<\/h3>\n\n\n\n<h3 class=\"wp-block-heading has-text-align-center\" id=\"block-3125f211-ddfc-4f57-86a6-09414021a058\">&#8211; TECNICATURA GESTI\u00d3N DEPORTIVA: 30 Titulares, 20 Suplentes <\/h3>\n","protected":false},"excerpt":{"rendered":"<p>**** PRE-Inscripciones Primer A\u00d1O 2026 &#8211; 19:00 horas Profesorado de Educaci\u00f3n Secundaria en Biolog\u00eda: 09\/12\/2025 Profesorado Superior en Ciencias de la Educaci\u00f3n: 10\/12\/2025 Profesorado Superior en&nbsp; Educaci\u00f3n F\u00edsica:&nbsp; 11\/12\/2025 Profesorado de Educaci\u00f3n Secundaria en Filosof\u00eda: 12\/12\/2025 Profesorado de Educaci\u00f3n Secundaria en Historia: 15\/12\/2025 Profesorado de Educaci\u00f3n Especial: 16\/12\/2025 Orientaciones: Discapacidad Intelectual Discapacidad Neuromotora \ufeff Sordos &#8230; <a title=\"Pre-Inscripciones 2026 (s\u00f3lo Primer A\u00f1o)\" class=\"read-more\" href=\"https:\/\/ifspp1-sgo.infd.edu.ar\/sitio\/pre-inscripciones-2026\/\" aria-label=\"More on Pre-Inscripciones 2026 (s\u00f3lo Primer A\u00f1o)\">[+]<\/a><\/p>\n","protected":false},"author":9,"featured_media":0,"parent":0,"menu_order":2,"comment_status":"closed","ping_status":"closed","template":"","meta":[],"acf":[],"_links":{"self":[{"href":"https:\/\/ifspp1-sgo.infd.edu.ar\/sitio\/wp-json\/wp\/v2\/pages\/3716"}],"collection":[{"href":"https:\/\/ifspp1-sgo.infd.edu.ar\/sitio\/wp-json\/wp\/v2\/pages"}],"about":[{"href":"https:\/\/ifspp1-sgo.infd.edu.ar\/sitio\/wp-json\/wp\/v2\/types\/page"}],"author":[{"embeddable":true,"href":"https:\/\/ifspp1-sgo.infd.edu.ar\/sitio\/wp-json\/wp\/v2\/users\/9"}],"replies":[{"embeddable":true,"href":"https:\/\/ifspp1-sgo.infd.edu.ar\/sitio\/wp-json\/wp\/v2\/comments?post=3716"}],"version-history":[{"count":24,"href":"https:\/\/ifspp1-sgo.infd.edu.ar\/sitio\/wp-json\/wp\/v2\/pages\/3716\/revisions"}],"predecessor-version":[{"id":4125,"href":"https:\/\/ifspp1-sgo.infd.edu.ar\/sitio\/wp-json\/wp\/v2\/pages\/3716\/revisions\/4125"}],"wp:attachment":[{"href":"https:\/\/ifspp1-sgo.infd.edu.ar\/sitio\/wp-json\/wp\/v2\/media?parent=3716"}],"curies":[{"name":"wp","href":"https:\/\/api.w.org\/{rel}","templated":true}]}}